{"id":1606,"date":"2023-07-06T22:03:30","date_gmt":"2023-07-06T22:03:30","guid":{"rendered":"https:\/\/devweb.empower.soy\/?page_id=1606"},"modified":"2025-12-31T03:15:11","modified_gmt":"2025-12-31T03:15:11","slug":"contacto-nuevo","status":"publish","type":"page","link":"https:\/\/empower.soy\/?page_id=1606","title":{"rendered":"Contacto-nuevo"},"content":{"rendered":"\t\t<div data-elementor-type=\"wp-page\" data-elementor-id=\"1606\" class=\"elementor elementor-1606\" data-elementor-post-type=\"page\">\n\t\t\t\t\t\t<section class=\"elementor-section elementor-top-section elementor-element elementor-element-0b07402 elementor-section-full_width elementor-section-stretched elementor-section-height-default elementor-section-height-default\" data-id=\"0b07402\" data-element_type=\"section\" data-e-type=\"section\" data-settings=\"{&quot;stretch_section&quot;:&quot;section-stretched&quot;}\">\n\t\t\t\t\t\t<div class=\"elementor-container elementor-column-gap-no\">\n\t\t\t\t\t<div class=\"elementor-column elementor-col-100 elementor-top-column elementor-element elementor-element-fc38c4d\" data-id=\"fc38c4d\" data-element_type=\"column\" data-e-type=\"column\">\n\t\t\t<div class=\"elementor-widget-wrap elementor-element-populated\">\n\t\t\t\t\t\t<div class=\"elementor-element elementor-element-3b2f1d3 elementor--h-position-center elementor--v-position-middle elementor-arrows-position-inside elementor-pagination-position-inside elementor-widget elementor-widget-slides\" data-id=\"3b2f1d3\" data-element_type=\"widget\" data-e-type=\"widget\" data-settings=\"{&quot;navigation&quot;:&quot;both&quot;,&quot;autoplay&quot;:&quot;yes&quot;,&quot;pause_on_hover&quot;:&quot;yes&quot;,&quot;pause_on_interaction&quot;:&quot;yes&quot;,&quot;autoplay_speed&quot;:5000,&quot;infinite&quot;:&quot;yes&quot;,&quot;transition&quot;:&quot;slide&quot;,&quot;transition_speed&quot;:500}\" data-widget_type=\"slides.default\">\n\t\t\t\t<div class=\"elementor-widget-container\">\n\t\t\t\t\t\t\t\t\t<div class=\"elementor-swiper\">\n\t\t\t\t\t<div class=\"elementor-slides-wrapper elementor-main-swiper swiper\" role=\"region\" aria-roledescription=\"carousel\" aria-label=\"Diapositivas\" dir=\"ltr\" data-animation=\"fadeInUp\">\n\t\t\t\t<div class=\"swiper-wrapper elementor-slides\">\n\t\t\t\t\t\t\t\t\t\t<div class=\"elementor-repeater-item-0a38cc3 swiper-slide\" role=\"group\" aria-roledescription=\"slide\"><div class=\"swiper-slide-bg\" role=\"img\" aria-label=\"Headers\"><\/div><div class=\"swiper-slide-inner\" ><div class=\"swiper-slide-contents\"><\/div><\/div><\/div>\t\t\t\t<\/div>\n\t\t\t\t\t\t\t<\/div>\n\t\t\t\t<\/div>\n\t\t\t\t\t\t\t\t<\/div>\n\t\t\t\t<\/div>\n\t\t\t\t<div class=\"elementor-element elementor-element-086b6da elementor-widget elementor-widget-spacer\" data-id=\"086b6da\" data-element_type=\"widget\" data-e-type=\"widget\" data-widget_type=\"spacer.default\">\n\t\t\t\t<div class=\"elementor-widget-container\">\n\t\t\t\t\t\t\t<div class=\"elementor-spacer\">\n\t\t\t<div class=\"elementor-spacer-inner\"><\/div>\n\t\t<\/div>\n\t\t\t\t\t\t<\/div>\n\t\t\t\t<\/div>\n\t\t\t\t\t<\/div>\n\t\t<\/div>\n\t\t\t\t\t<\/div>\n\t\t<\/section>\n\t\t\t\t<section class=\"elementor-section elementor-top-section elementor-element elementor-element-d6982aa elementor-section-full_width elementor-section-stretched elementor-section-height-default elementor-section-height-default\" data-id=\"d6982aa\" data-element_type=\"section\" data-e-type=\"section\" data-settings=\"{&quot;stretch_section&quot;:&quot;section-stretched&quot;}\">\n\t\t\t\t\t\t<div class=\"elementor-container elementor-column-gap-default\">\n\t\t\t\t\t<div class=\"elementor-column elementor-col-50 elementor-top-column elementor-element elementor-element-6ddada5\" data-id=\"6ddada5\" data-element_type=\"column\" data-e-type=\"column\">\n\t\t\t<div class=\"elementor-widget-wrap elementor-element-populated\">\n\t\t\t\t\t\t<div class=\"elementor-element elementor-element-5aa3c0f elementor-widget elementor-widget-spacer\" data-id=\"5aa3c0f\" data-element_type=\"widget\" data-e-type=\"widget\" data-widget_type=\"spacer.default\">\n\t\t\t\t<div class=\"elementor-widget-container\">\n\t\t\t\t\t\t\t<div class=\"elementor-spacer\">\n\t\t\t<div class=\"elementor-spacer-inner\"><\/div>\n\t\t<\/div>\n\t\t\t\t\t\t<\/div>\n\t\t\t\t<\/div>\n\t\t\t\t<div class=\"elementor-element elementor-element-98f8ae1 elementor-widget__width-initial elementor-widget-tablet__width-initial elementor-widget elementor-widget-heading\" data-id=\"98f8ae1\" data-element_type=\"widget\" data-e-type=\"widget\" data-widget_type=\"heading.default\">\n\t\t\t\t<div class=\"elementor-widget-container\">\n\t\t\t\t\t<h2 class=\"elementor-heading-title elementor-size-default\">Cont\u00e1ctanos <\/h2>\t\t\t\t<\/div>\n\t\t\t\t<\/div>\n\t\t\t\t<div class=\"elementor-element elementor-element-51949dc elementor-widget__width-initial elementor-widget elementor-widget-text-editor\" data-id=\"51949dc\" data-element_type=\"widget\" data-e-type=\"widget\" data-widget_type=\"text-editor.default\">\n\t\t\t\t<div class=\"elementor-widget-container\">\n\t\t\t\t\t\t\t\t\t<p><\/p>\n<p><style>\n  h1.wp-block-heading {<br \/>\n    color: #d76928;<br \/>\n  }<br \/>\n<\/style><\/p>\n<p style=\"text-align: justify;\">El talento se desarrolla de muchas formas, una de ellas es hablando. Queremos mantenernos en una conversaci\u00f3n constante con las personas y empleadores, para entender las necesidades de cada qui\u00e9n y encontrar la mejor manera de conectarles, para que puedan crecer con su talento. \u00a1Cu\u00e9ntanos c\u00f3mo podemos empezar a trabajar en tu futuro, hoy!<\/p>\n<p><\/p>\n<p><\/p>\n<div class=\"wp-block-spacer\" style=\"height: 15px;\" aria-hidden=\"true\"><br \/><br \/><\/div>\n<p><\/p>\n<p><\/p>\n<div class=\"wp-block-spacer\" style=\"height: 23px;\" aria-hidden=\"true\">\u00a0<\/div>\n<p style=\"text-align: center;\"><img decoding=\"async\" data-src=\"https:\/\/empower.soy\/wp-content\/uploads\/2021\/11\/Envelope.png\" src=\"data:image\/svg+xml;base64,PHN2ZyB3aWR0aD0iMSIgaGVpZ2h0PSIxIiB4bWxucz0iaHR0cDovL3d3dy53My5vcmcvMjAwMC9zdmciPjwvc3ZnPg==\" class=\"lazyload\" style=\"--smush-placeholder-width: 16px; --smush-placeholder-aspect-ratio: 16\/13;\" \/> info@empower.soy<\/p>\t\t\t\t\t\t\t\t<\/div>\n\t\t\t\t<\/div>\n\t\t\t\t\t<\/div>\n\t\t<\/div>\n\t\t\t\t<div class=\"elementor-column elementor-col-50 elementor-top-column elementor-element elementor-element-b04acc5\" data-id=\"b04acc5\" data-element_type=\"column\" data-e-type=\"column\">\n\t\t\t<div class=\"elementor-widget-wrap elementor-element-populated\">\n\t\t\t\t\t\t<div class=\"elementor-element elementor-element-825342b elementor-widget__width-initial elementor-button-align-stretch elementor-widget elementor-widget-form\" data-id=\"825342b\" data-element_type=\"widget\" data-e-type=\"widget\" data-settings=\"{&quot;step_next_label&quot;:&quot;Siguiente&quot;,&quot;step_previous_label&quot;:&quot;Anterior&quot;,&quot;button_width&quot;:&quot;100&quot;,&quot;step_type&quot;:&quot;number_text&quot;,&quot;step_icon_shape&quot;:&quot;circle&quot;}\" data-widget_type=\"form.default\">\n\t\t\t\t<div class=\"elementor-widget-container\">\n\t\t\t\t\t\t\t<form class=\"elementor-form\" method=\"post\" name=\"Nuevo formulario\" aria-label=\"Nuevo formulario\">\n\t\t\t<input type=\"hidden\" name=\"post_id\" value=\"1606\"\/>\n\t\t\t<input type=\"hidden\" name=\"form_id\" value=\"825342b\"\/>\n\t\t\t<input type=\"hidden\" name=\"referer_title\" value=\"Contacto-nuevo - Empower\" \/>\n\n\t\t\t\t\t\t\t<input type=\"hidden\" name=\"queried_id\" value=\"1606\"\/>\n\t\t\t\n\t\t\t<div class=\"elementor-form-fields-wrapper elementor-labels-above\">\n\t\t\t\t\t\t\t\t<div class=\"elementor-field-type-text elementor-field-group elementor-column elementor-field-group-name elementor-col-100\">\n\t\t\t\t\t\t\t\t\t\t\t\t<label for=\"form-field-name\" class=\"elementor-field-label\">\n\t\t\t\t\t\t\t\tNombre \t\t\t\t\t\t\t<\/label>\n\t\t\t\t\t\t\t\t\t\t\t\t\t\t<input size=\"1\" type=\"text\" name=\"form_fields[name]\" id=\"form-field-name\" class=\"elementor-field elementor-size-sm  elementor-field-textual\" placeholder=\"Nombre\">\n\t\t\t\t\t\t\t\t\t\t\t<\/div>\n\t\t\t\t\t\t\t\t<div class=\"elementor-field-type-email elementor-field-group elementor-column elementor-field-group-email elementor-col-100 elementor-field-required\">\n\t\t\t\t\t\t\t\t\t\t\t\t<label for=\"form-field-email\" class=\"elementor-field-label\">\n\t\t\t\t\t\t\t\tCorreo electr\u00f3nico\t\t\t\t\t\t\t<\/label>\n\t\t\t\t\t\t\t\t\t\t\t\t\t\t<input size=\"1\" type=\"email\" name=\"form_fields[email]\" id=\"form-field-email\" class=\"elementor-field elementor-size-sm  elementor-field-textual\" placeholder=\"Correo electr\u00f3nico\" required=\"required\">\n\t\t\t\t\t\t\t\t\t\t\t<\/div>\n\t\t\t\t\t\t\t\t<div class=\"elementor-field-type-tel elementor-field-group elementor-column elementor-field-group-field_02ede75 elementor-col-100 elementor-field-required\">\n\t\t\t\t\t\t\t\t\t\t\t\t<label for=\"form-field-field_02ede75\" class=\"elementor-field-label\">\n\t\t\t\t\t\t\t\tN\u00famero telef\u00f3nico \t\t\t\t\t\t\t<\/label>\n\t\t\t\t\t\t\t\t<input size=\"1\" type=\"tel\" name=\"form_fields[field_02ede75]\" id=\"form-field-field_02ede75\" class=\"elementor-field elementor-size-sm  elementor-field-textual\" placeholder=\"N\u00famero telef\u00f3nico\" required=\"required\" pattern=\"[0-9()#&amp;+*-=.]+\" title=\"Solo se aceptan n\u00fameros y caracteres de tel\u00e9fono (#,-,*,etc).\">\n\n\t\t\t\t\t\t<\/div>\n\t\t\t\t\t\t\t\t<div class=\"elementor-field-type-text elementor-field-group elementor-column elementor-field-group-field_36da38f elementor-col-100 elementor-field-required\">\n\t\t\t\t\t\t\t\t\t\t\t\t<label for=\"form-field-field_36da38f\" class=\"elementor-field-label\">\n\t\t\t\t\t\t\t\tNombre de la empresa\t\t\t\t\t\t\t<\/label>\n\t\t\t\t\t\t\t\t\t\t\t\t\t\t<input size=\"1\" type=\"text\" name=\"form_fields[field_36da38f]\" id=\"form-field-field_36da38f\" class=\"elementor-field elementor-size-sm  elementor-field-textual\" placeholder=\"Nombre de la empresa\" required=\"required\">\n\t\t\t\t\t\t\t\t\t\t\t<\/div>\n\t\t\t\t\t\t\t\t<div class=\"elementor-field-type-textarea elementor-field-group elementor-column elementor-field-group-message elementor-col-100\">\n\t\t\t\t\t\t\t\t\t\t\t\t<label for=\"form-field-message\" class=\"elementor-field-label\">\n\t\t\t\t\t\t\t\tMensaje\t\t\t\t\t\t\t<\/label>\n\t\t\t\t\t\t<textarea class=\"elementor-field-textual elementor-field  elementor-size-sm\" name=\"form_fields[message]\" id=\"form-field-message\" rows=\"4\" placeholder=\"Mensaje\"><\/textarea>\t\t\t\t<\/div>\n\t\t\t\t\t\t\t\t<div class=\"elementor-field-group elementor-column elementor-field-type-submit elementor-col-100 e-form__buttons\">\n\t\t\t\t\t<button class=\"elementor-button elementor-size-md\" type=\"submit\">\n\t\t\t\t\t\t<span class=\"elementor-button-content-wrapper\">\n\t\t\t\t\t\t\t\t\t\t\t\t\t\t\t\t\t\t\t\t\t\t<span class=\"elementor-button-text\">Enviar<\/span>\n\t\t\t\t\t\t\t\t\t\t\t\t\t<\/span>\n\t\t\t\t\t<\/button>\n\t\t\t\t<\/div>\n\t\t\t<\/div>\n\t\t<\/form>\n\t\t\t\t\t\t<\/div>\n\t\t\t\t<\/div>\n\t\t\t\t\t<\/div>\n\t\t<\/div>\n\t\t\t\t\t<\/div>\n\t\t<\/section>\n\t\t\t\t<\/div>\n\t\t","protected":false},"excerpt":{"rendered":"<p>Cont\u00e1ctanos El talento se desarrolla de muchas formas, una de ellas es hablando. Queremos mantenernos en una conversaci\u00f3n constante con las personas y empleadores, para entender las necesidades de cada qui\u00e9n y encontrar la mejor manera de conectarles, para que puedan crecer con su talento. \u00a1Cu\u00e9ntanos c\u00f3mo podemos empezar a trabajar en tu futuro, hoy!<\/p>\n","protected":false},"author":2,"featured_media":0,"parent":0,"menu_order":0,"comment_status":"closed","ping_status":"closed","template":"elementor_header_footer","meta":{"footnotes":""},"class_list":["post-1606","page","type-page","status-publish","hentry"],"acf":[],"yoast_head":"<!-- This site is optimized with the Yoast SEO plugin v27.5 - https:\/\/yoast.com\/product\/yoast-seo-wordpress\/ -->\n<title>Contacto-nuevo - Empower<\/title>\n<meta name=\"robots\" content=\"noindex, follow, max-snippet:-1, max-image-preview:large, max-video-preview:-1\" \/>\n<meta property=\"og:locale\" content=\"es_ES\" \/>\n<meta property=\"og:type\" content=\"article\" \/>\n<meta property=\"og:title\" content=\"Contacto-nuevo - Empower\" \/>\n<meta property=\"og:description\" content=\"Cont\u00e1ctanos El talento se desarrolla de muchas formas, una de ellas es hablando. Queremos mantenernos en una conversaci\u00f3n constante con las personas y empleadores, para entender las necesidades de cada qui\u00e9n y encontrar la mejor manera de conectarles, para que puedan crecer con su talento. \u00a1Cu\u00e9ntanos c\u00f3mo podemos empezar a trabajar en tu futuro, hoy!\" \/>\n<meta property=\"og:url\" content=\"https:\/\/empower.soy\/?page_id=1606\" \/>\n<meta property=\"og:site_name\" content=\"Empower\" \/>\n<meta property=\"article:modified_time\" content=\"2025-12-31T03:15:11+00:00\" \/>\n<meta property=\"og:image\" content=\"https:\/\/empower.soy\/wp-content\/uploads\/2021\/11\/Envelope.png\" \/>\n<meta name=\"twitter:card\" content=\"summary_large_image\" \/>\n<meta name=\"twitter:label1\" content=\"Tiempo de lectura\" \/>\n\t<meta name=\"twitter:data1\" content=\"1 minuto\" \/>\n<script type=\"application\/ld+json\" class=\"yoast-schema-graph\">{\"@context\":\"https:\\\/\\\/schema.org\",\"@graph\":[{\"@type\":\"WebPage\",\"@id\":\"https:\\\/\\\/empower.soy\\\/?page_id=1606\",\"url\":\"https:\\\/\\\/empower.soy\\\/?page_id=1606\",\"name\":\"Contacto-nuevo - Empower\",\"isPartOf\":{\"@id\":\"https:\\\/\\\/empower.soy\\\/#website\"},\"primaryImageOfPage\":{\"@id\":\"https:\\\/\\\/empower.soy\\\/?page_id=1606#primaryimage\"},\"image\":{\"@id\":\"https:\\\/\\\/empower.soy\\\/?page_id=1606#primaryimage\"},\"thumbnailUrl\":\"https:\\\/\\\/empower.soy\\\/wp-content\\\/uploads\\\/2021\\\/11\\\/Envelope.png\",\"datePublished\":\"2023-07-06T22:03:30+00:00\",\"dateModified\":\"2025-12-31T03:15:11+00:00\",\"breadcrumb\":{\"@id\":\"https:\\\/\\\/empower.soy\\\/?page_id=1606#breadcrumb\"},\"inLanguage\":\"es\",\"potentialAction\":[{\"@type\":\"ReadAction\",\"target\":[\"https:\\\/\\\/empower.soy\\\/?page_id=1606\"]}]},{\"@type\":\"ImageObject\",\"inLanguage\":\"es\",\"@id\":\"https:\\\/\\\/empower.soy\\\/?page_id=1606#primaryimage\",\"url\":\"https:\\\/\\\/empower.soy\\\/wp-content\\\/uploads\\\/2021\\\/11\\\/Envelope.png\",\"contentUrl\":\"https:\\\/\\\/empower.soy\\\/wp-content\\\/uploads\\\/2021\\\/11\\\/Envelope.png\",\"width\":16,\"height\":13},{\"@type\":\"BreadcrumbList\",\"@id\":\"https:\\\/\\\/empower.soy\\\/?page_id=1606#breadcrumb\",\"itemListElement\":[{\"@type\":\"ListItem\",\"position\":1,\"name\":\"Portada\",\"item\":\"https:\\\/\\\/empower.soy\\\/\"},{\"@type\":\"ListItem\",\"position\":2,\"name\":\"Contacto-nuevo\"}]},{\"@type\":\"WebSite\",\"@id\":\"https:\\\/\\\/empower.soy\\\/#website\",\"url\":\"https:\\\/\\\/empower.soy\\\/\",\"name\":\"Empower\",\"description\":\"Descubre el poder de tu talento\",\"publisher\":{\"@id\":\"https:\\\/\\\/empower.soy\\\/#organization\"},\"potentialAction\":[{\"@type\":\"SearchAction\",\"target\":{\"@type\":\"EntryPoint\",\"urlTemplate\":\"https:\\\/\\\/empower.soy\\\/?s={search_term_string}\"},\"query-input\":{\"@type\":\"PropertyValueSpecification\",\"valueRequired\":true,\"valueName\":\"search_term_string\"}}],\"inLanguage\":\"es\"},{\"@type\":\"Organization\",\"@id\":\"https:\\\/\\\/empower.soy\\\/#organization\",\"name\":\"Empower Soy\",\"url\":\"https:\\\/\\\/empower.soy\\\/\",\"logo\":{\"@type\":\"ImageObject\",\"inLanguage\":\"es\",\"@id\":\"https:\\\/\\\/empower.soy\\\/#\\\/schema\\\/logo\\\/image\\\/\",\"url\":\"https:\\\/\\\/empower.soy\\\/wp-content\\\/uploads\\\/2021\\\/10\\\/Logo-Emprendedor.png\",\"contentUrl\":\"https:\\\/\\\/empower.soy\\\/wp-content\\\/uploads\\\/2021\\\/10\\\/Logo-Emprendedor.png\",\"width\":55,\"height\":64,\"caption\":\"Empower Soy\"},\"image\":{\"@id\":\"https:\\\/\\\/empower.soy\\\/#\\\/schema\\\/logo\\\/image\\\/\"}}]}<\/script>\n<!-- \/ Yoast SEO plugin. -->","yoast_head_json":{"title":"Contacto-nuevo - Empower","robots":{"index":"noindex","follow":"follow","max-snippet":"max-snippet:-1","max-image-preview":"max-image-preview:large","max-video-preview":"max-video-preview:-1"},"og_locale":"es_ES","og_type":"article","og_title":"Contacto-nuevo - Empower","og_description":"Cont\u00e1ctanos El talento se desarrolla de muchas formas, una de ellas es hablando. Queremos mantenernos en una conversaci\u00f3n constante con las personas y empleadores, para entender las necesidades de cada qui\u00e9n y encontrar la mejor manera de conectarles, para que puedan crecer con su talento. \u00a1Cu\u00e9ntanos c\u00f3mo podemos empezar a trabajar en tu futuro, hoy!","og_url":"https:\/\/empower.soy\/?page_id=1606","og_site_name":"Empower","article_modified_time":"2025-12-31T03:15:11+00:00","og_image":[{"url":"https:\/\/empower.soy\/wp-content\/uploads\/2021\/11\/Envelope.png","type":"","width":"","height":""}],"twitter_card":"summary_large_image","twitter_misc":{"Tiempo de lectura":"1 minuto"},"schema":{"@context":"https:\/\/schema.org","@graph":[{"@type":"WebPage","@id":"https:\/\/empower.soy\/?page_id=1606","url":"https:\/\/empower.soy\/?page_id=1606","name":"Contacto-nuevo - Empower","isPartOf":{"@id":"https:\/\/empower.soy\/#website"},"primaryImageOfPage":{"@id":"https:\/\/empower.soy\/?page_id=1606#primaryimage"},"image":{"@id":"https:\/\/empower.soy\/?page_id=1606#primaryimage"},"thumbnailUrl":"https:\/\/empower.soy\/wp-content\/uploads\/2021\/11\/Envelope.png","datePublished":"2023-07-06T22:03:30+00:00","dateModified":"2025-12-31T03:15:11+00:00","breadcrumb":{"@id":"https:\/\/empower.soy\/?page_id=1606#breadcrumb"},"inLanguage":"es","potentialAction":[{"@type":"ReadAction","target":["https:\/\/empower.soy\/?page_id=1606"]}]},{"@type":"ImageObject","inLanguage":"es","@id":"https:\/\/empower.soy\/?page_id=1606#primaryimage","url":"https:\/\/empower.soy\/wp-content\/uploads\/2021\/11\/Envelope.png","contentUrl":"https:\/\/empower.soy\/wp-content\/uploads\/2021\/11\/Envelope.png","width":16,"height":13},{"@type":"BreadcrumbList","@id":"https:\/\/empower.soy\/?page_id=1606#breadcrumb","itemListElement":[{"@type":"ListItem","position":1,"name":"Portada","item":"https:\/\/empower.soy\/"},{"@type":"ListItem","position":2,"name":"Contacto-nuevo"}]},{"@type":"WebSite","@id":"https:\/\/empower.soy\/#website","url":"https:\/\/empower.soy\/","name":"Empower","description":"Descubre el poder de tu talento","publisher":{"@id":"https:\/\/empower.soy\/#organization"},"potentialAction":[{"@type":"SearchAction","target":{"@type":"EntryPoint","urlTemplate":"https:\/\/empower.soy\/?s={search_term_string}"},"query-input":{"@type":"PropertyValueSpecification","valueRequired":true,"valueName":"search_term_string"}}],"inLanguage":"es"},{"@type":"Organization","@id":"https:\/\/empower.soy\/#organization","name":"Empower Soy","url":"https:\/\/empower.soy\/","logo":{"@type":"ImageObject","inLanguage":"es","@id":"https:\/\/empower.soy\/#\/schema\/logo\/image\/","url":"https:\/\/empower.soy\/wp-content\/uploads\/2021\/10\/Logo-Emprendedor.png","contentUrl":"https:\/\/empower.soy\/wp-content\/uploads\/2021\/10\/Logo-Emprendedor.png","width":55,"height":64,"caption":"Empower Soy"},"image":{"@id":"https:\/\/empower.soy\/#\/schema\/logo\/image\/"}}]}},"_links":{"self":[{"href":"https:\/\/empower.soy\/index.php?rest_route=\/wp\/v2\/pages\/1606","targetHints":{"allow":["GET"]}}],"collection":[{"href":"https:\/\/empower.soy\/index.php?rest_route=\/wp\/v2\/pages"}],"about":[{"href":"https:\/\/empower.soy\/index.php?rest_route=\/wp\/v2\/types\/page"}],"author":[{"embeddable":true,"href":"https:\/\/empower.soy\/index.php?rest_route=\/wp\/v2\/users\/2"}],"replies":[{"embeddable":true,"href":"https:\/\/empower.soy\/index.php?rest_route=%2Fwp%2Fv2%2Fcomments&post=1606"}],"version-history":[{"count":152,"href":"https:\/\/empower.soy\/index.php?rest_route=\/wp\/v2\/pages\/1606\/revisions"}],"predecessor-version":[{"id":4655,"href":"https:\/\/empower.soy\/index.php?rest_route=\/wp\/v2\/pages\/1606\/revisions\/4655"}],"wp:attachment":[{"href":"https:\/\/empower.soy\/index.php?rest_route=%2Fwp%2Fv2%2Fmedia&parent=1606"}],"curies":[{"name":"wp","href":"https:\/\/api.w.org\/{rel}","templated":true}]}}